12*o - 34. Calculate m(-9).
-7
Let f(n) = -3*n**2 - 20*n + 26. Calculate f(-8).
-6
Let k(n) = -n - 7. Calculate k(2).
-9
Let r(w) = -5*w**2 - 18*w + 3. Determine r(2).
-53
Let s(i) = -893*i + 8038. What is s(9)?
1
Let p(k) = -162*k + 16522. Give p(102).
-2
Let j(i) = i**3 + 2*i**2 - 32*i - 129. What is j(-4)?
-33
Let l(n) = 52*n - 3947. Determine l(76).
5
Let n(d) = 24*d - 316. What is n(10)?
-76
Let k(t) = 217*t**2 + 857*t - 46. Give k(-4).
-2
Let g(f) = -f**3 + 18*f**2 - 73*f + 49. Calculate g(6).
43
Let i(t) = 33*t - 339. Give i(13).
90
Let d(x) = 4984*x + 64785. Determine d(-13).
-7
Let h(t) = -3*t**3 - 19*t**2 - 51*t + 39. What is h(-6)?
309
Let k(r) = -r**3 - 5*r**2 + 4*r - 7. Give k(-6).
5
Let u(j) = -j**3 - 2*j**2 - 5*j + 92. Calculate u(0).
92
Let u(f) = 2*f**3 - 68*f**2 + 391*f - 77. Determine u(7).
14
Let v(t) = -t**3 - 139*t**2 + 1658*t + 1192. Determine v(-150).
-8
Let w(n) = n**3 + 24*n**2 + 28*n - 454. Give w(-22).
-102
Let v(g) = -341*g + 3079. Calculate v(9).
10
Let t(b) = 3*b**3 - 12*b**2 - 2*b - 351. Determine t(0).
-351
Let c(u) = 33*u**2 - 8*u + 23. What is c(2)?
139
Let p(h) = -16*h + 92. What is p(-12)?
284
Let a(v) = 5*v + 450. Give a(-90).
0
Let v(f) = 3*f**2 + 168*f - 911. What is v(-61)?
4
Let z(s) = s**2 + 548*s + 61148. Calculate z(-156).
-4
Let t(z) = -z**2 - 2*z + 61. Give t(-11).
-38
Let o(l) = 8745*l - 131163. Give o(15).
12
Let r(v) = -389*v + 3494. What is r(9)?
-7
Let w(h) = -2*h**3 + 5*h**2 + 40*h - 100. What is w(3)?
11
Let w(u) = 209*u**3 + u**2 - 3*u + 4. What is w(1)?
211
Let y(d) = d**2 - 37*d + 59. What is y(12)?
-241
Let r(u) = -u**3 - 3*u**2 - 61*u - 787. What is r(-8)?
21
Let g(j) = j**3 - 17*j**2 - 74*j + 39. Determine g(21).
249
Let g(s) = 54*s + 2784. Determine g(-54).
-132
Let i(b) = -9*b - 131. Determine i(-8).
-59
Let s(g) = g**3 + 103*g**2 + 98*g - 411. What is s(-102)?
-3
Let y(q) = 2*q**3 - 5*q**2 - 4*q - 41. Determine y(5).
64
Let z(i) = i**3 - 3*i**2 - 308*i - 1660. What is z(-7)?
6
Let z(f) = 482*f + 6. Calculate z(0).
6
Let v(r) = 58*r + 692. Give v(-13).
-62
Let a(b) = 3*b**3 - 22*b**2 + 2*b - 14. What is a(7)?
-49
Let i(k) = k**3 - 32*k**2 - 321*k + 36. Determine i(40).
-4
Let w(v) = 1139*v**2 + 37586*v - 35. Calculate w(-33).
-2
Let j(c) = -148*c - 434. Give j(-3).
10
Let t(r) = -2*r**2 + 101*r + 1168. Determine t(60).
28
Let t(v) = -v**3 - 14*v**2 + 32*v + 83. Determine t(-6).
-397
Let z(p) = 3*p**2 - 89*p - 956. Give z(38).
-6
Let t(s) = -6*s**3 - s**2 + 19*s + 20. Determine t(-1).
6
Let y(b) = -20*b**3 - 2*b**2 - 6*b - 36. What is y(-3)?
504
Let r(b) = -5*b + 920. Determine r(184).
0
Let t(i) = -2*i**2 - 40*i - 120. What is t(-14)?
48
Let j(t) = 2*t**3 - 20*t**2 + 18*t - 57. Calculate j(10).
123
Let x(d) = 22*d**2 + 324*d - 86. Calculate x(-15).
4
Let d(i) = -i**2 + 1164*i - 80663. Determine d(74).
-3
Let v(o) = -o**2 - 221*o + 430. Calculate v(-223).
-16
Let u(h) = -2*h**3 - 4*h**2 + 18*h + 40. Give u(-3).
4
Let s(p) = p**3 + 19*p**2 + 47*p + 183. Calculate s(-14).
505
Let m(g) = -9*g**3 + 6*g**2 - 25*g + 30. Calculate m(5).
-1070
Let i(b) = -b**2 + 54*b - 398. What is i(9)?
7
Let b(j) = -j**2 + 12*j + 48. Determine b(18).
-60
Let l(n) = -5*n**2 + 252*n + 25098. Determine l(-50).
-2
Let h(l) = -3*l**2 + 144*l + 237. Calculate h(49).
90
Let b(o) = 6*o + 170. Determine b(-13).
92
Let c(b) = -b**3 + 37*b**2 - 62*b - 340. Give c(35).
-60
Let q(f) = 3*f**2 + 225*f + 4034. Calculate q(-30).
-16
Let t(f) = -2*f**3 - 22*f**2 - 11*f + 81. What is t(-10)?
-9
Let x(c) = -338*c + 27043. Give x(80).
3
Let a(s) = 3*s**3 - 127*s**2 - 84*s - 56. Determine a(43).
30
Let z(m) = 18*m**2 - 1159*m + 5717. Determine z(59).
-6
Let u(l) = 37*l + 1132. Determine u(-32).
-52
Let a(x) = x**3 - x**2 - 48*x - 69. Give a(8).
-5
Let b(m) = -m**2 - 293*m + 3. Give b(0).
3
Let p(d) = 14*d**2 + 390*d + 71. What is p(-29)?
535
Let t(a) = -a**2 + 13*a + 335. What is t(26)?
-3
Let w(x) = x**2 + 124*x - 2042. What is w(14)?
-110
Let s(k) = -21*k - 455. Calculate s(-30).
175
Let n(b) = -4*b**3 - b**2 - 62*b - 74. Give n(0).
-74
Let g(j) = -7*j**2 + 28*j - 81. Determine g(8).
-305
Let i(d) = -2*d**3 - 72*d**2 + 2*d + 75. Determine i(-36).
3
Let h(y) = y**3 - 6*y**2 + 3*y + 9. Calculate h(5).
-1
Let c(g) = g**3 + 7*g**2 + g + 9. Give c(-3).
42
Let n(d) = 257*d - 1795. What is n(7)?
4
Let b(k) = -k**3 - 28*k**2 + 22*k - 203. What is b(-29)?
0
Let p(h) = -44*h**2 + 5*h - 18. What is p(4)?
-702
Let s(r) = r**2 + 3*r - 53. Give s(5).
-13
Let k(h) = 125*h + 304. What is k(-2)?
54
Let k(o) = o**3 - 43*o**2 - 165*o + 8. Give k(-4).
-84
Let w(n) = -n**3 - 21*n**2 + 101*n + 639. What is w(7)?
-26
Let p(z) = -3*z**3 - 19*z**2 - 14*z - 38. Determine p(-6).
10
Let i(r) = -r**3 - 18*r**2 - 63*r + 35. What is i(-13)?
9
Let f(k) = -k**3 + 77*k**2 + 78*k - 261. Calculate f(78).
-261
Let k(z) = z**2 + 233*z + 465. Give k(-2).
3
Let j(u) = -9*u**2 - 7*u + 4. Determine j(-4).
-112
Let n(o) = -3*o**3 + o**2 - 24*o - 309. What is n(0)?
-309
Let p(h) = h**2 - 10*h - 12. Give p(5).
-37
Let l(v) = v**3 + 29*v**2 - 28*v + 52. What is l(-30)?
-8
Let n(a) = -2*a**2 - 65*a - 416. What is n(-9)?
7
Let h(p) = 66*p - 95. Calculate h(-4).
-359
Let d(r) = r**3 - 17*r**2 - 180*r + 2035. Determine d(8).
19
Let g(k) = -4*k**2 - 263*k + 69. What is g(-66)?
3
Let y(d) = 11*d - 77. Give y(2).
-55
Let n(x) = -x**3 + 54*x**2 - 4*x + 196. Calculate n(54).
-20
Let l(g) = 6*g**2 + 73*g + 174. Give l(-3).
9
Let g(d) = d**2 - 223*d + 12361. Give g(120).
1
Let h(x) = -x**2 + 80*x - 1568. What is h(43)?
23
Let l(v) = -350*v + 2133. Determine l(6).
33
Let c(b) = -20976*b + 62929. Calculate c(3).
1
Let j(g) = -g**2 + 53*g - 33. Calculate j(50).
117
Let p(u) = -45*u + 171. Determine p(3).
36
Let j(w) = -w**2 + 284*w - 6474. Determine j(25).
1
Let j(o) = o**3 - 71*o**2 - 381*o + 75. What is j(76)?
-1
Let h(v) = 4*v**2 - 52*v - 2638. Determine h(33).
2
Let m(a) = -5*a**2 - 112*a + 498. Give m(5).
-187
Let u(f) = 90*f**3 - 2701*f**2 + 38*f - 248. Determine u(30).
-8
Let u(m) = 2*m**3 - 5*m**2 - 12*m + 7. Give u(4).
7
Let a(u) = -143*u + 4854. Determine a(34).
-8
Let g(l) = l**3 - 228*l + 39. Determine g(15).
-6
Let h(t) = 53*t + 1169. Determine h(-22).
3
Let a(h) = -6*h**2 + 4*h - 14. What is a(5)?
-144
Let g(q) = q**3 - 266*q**2 - 14352*q + 16. Give g(312).
16
Let k(t) = -2*t**2 - 87*t - 948. What is k(-19)?
-17
Let f(v) = -v**3 + 5*v**2 - 20*v + 13. Calculate f(2).
-15
Let s(f) = -895*f - 25960. What is s(-29)?
-5
Let n(w) = 2*w**3 + 56*w**2 - 11. What is n(-28)?
-11
Let j(f) = 16*f**2 + 31*f - 68. Give j(2).
58
Let v(g) = 896*g - 24191. What is v(27)?
1
Let t(z) = -z**3 - 21*z**2 + 11*z - 246. What is t(-22)?
-4
Let u(w) = -17*w**2 - 387*w - 662. Determine u(-21).
-32
Let c(j) = -j**3 + 14*j**2 - 60*j + 195. Determine c(10).
-5
Let l(a) = -134*a**2 + 11*a - 7. Determine l(1).
-130
Let f(x) = -24*x + 10. Calculate f(-4).
106
Let x(h) = -3*h**3 + 8*h**2 + 2*h. Calculate x(-1).
9
Let b(f) = 5*f**2 + 196*f + 241. Give b(-38).
13
Let o(z) = 58*z - 1421. Calculate o(25).
29
Let j(d) = 2*d**3 + 194*d**2 + 747*d + 291. What is j(-93)?
12
Let r(y) = 78*y**2 - 1168*y - 26. Give r(15).
4
Let h(c) = -2*c**2 - 51*c + 8993. Determine h(-81).
2
Let n(o) = -o**3 - 60*o**2 - 74*o - 879. Give n(-59).
6
Let t(z) = -2*z**2 + 72*z + 14. Calculate t(40).
-306
Let z(a) = a**3 + 5*a**2 + 16*a + 5. Determine z(-3).
-25
Let p(n) = -2*n**3 - 10*n**2 - 7*n + 4. What is p(-6)?
118
Let k(b) = -b**3 - 31*b**2 - 152*b + 172. Give k(-24).
-212
Let g(o) = -o**2 - 173*o - 6837. Give g(-111).
45
Let x(l) = -9*l - 361. Determine x(-9).
-280
Let o(n) = n**2 + 101*n + 1821. Calculate o(-78).
27
Let a(f) = -f**3 + 41*f**2 + 82*f + 155. Give a(43).
-17
Let t(r) = 1388*r + 2907. Calculate t(-2).
131
Let w(m) = 726*m + 5749. Determine w(-8).
-59
Let m(l) = -355*l + 14. Give m(-1).
369
Let l(i) = -10*i**2 + 75*i - 221. What is l(4)?
-81
Let r(g) = 5*g**2 - 58*g + 3. Give r(3).
-126
Let p(n) = n**2 + 59*n + 16. Determine p(-59).
16
Let s(v) = -490*v + 2441. What is s(5)?
-9
Let w(k) = 3*k**2 + 16*k - 333. Determine w(13).
382
Let i(l) = -301*l**2 - 5*l - 3. What is i(-1)?
-299
Let n(v) = 74*v**2 + 4219*v + 11. Calculate n(-57).
-46
Let r(b) = 2*b**3 - b**2 - 66*b - 15. Calculate r(6).
-15
Let p(c) = c**2 - 1